[INFO] cloning repository https://github.com/gremlin/rusty-pipe
[INFO] running `Command { std: "git" "-c" "credential.helper=" "-c" "credential.helper=/workspace/cargo-home/bin/git-credential-null" "clone" "--bare" "https://github.com/gremlin/rusty-pipe" "/workspace/cache/git-repos/https%3A%2F%2Fgithub.com%2Fgremlin%2Frusty-pipe", kill_on_drop: false }`
[INFO] [stderr] Cloning into bare repository '/workspace/cache/git-repos/https%3A%2F%2Fgithub.com%2Fgremlin%2Frusty-pipe'...
[INFO] running `Command { std: "git" "rev-parse" "HEAD", kill_on_drop: false }`
[INFO] [stdout] 463b7d7e79ba3bce904a39bd8c71ad6a32ec4e9e
[INFO] checking gremlin/rusty-pipe against try#72f88fc4e9458f89516a0b8b0868f3718aec5b47 for pr-74989
[INFO] running `Command { std: "git" "clone" "/workspace/cache/git-repos/https%3A%2F%2Fgithub.com%2Fgremlin%2Frusty-pipe" "/workspace/builds/worker-0/source", kill_on_drop: false }`
[INFO] [stderr] Cloning into '/workspace/builds/worker-0/source'...
[INFO] [stderr] done.
[INFO] validating manifest of git repo https://github.com/gremlin/rusty-pipe on toolchain 72f88fc4e9458f89516a0b8b0868f3718aec5b47
[INFO] running `Command { std: "/workspace/cargo-home/bin/cargo" "+72f88fc4e9458f89516a0b8b0868f3718aec5b47" "read-manifest" "--manifest-path" "Cargo.toml", kill_on_drop: false }`
[INFO] started tweaking git repo https://github.com/gremlin/rusty-pipe
[INFO] finished tweaking git repo https://github.com/gremlin/rusty-pipe
[INFO] tweaked toml for git repo https://github.com/gremlin/rusty-pipe written to /workspace/builds/worker-0/source/Cargo.toml
[INFO] crate git repo https://github.com/gremlin/rusty-pipe already has a lockfile, it will not be regenerated
[INFO] running `Command { std: "/workspace/cargo-home/bin/cargo" "+72f88fc4e9458f89516a0b8b0868f3718aec5b47" "fetch" "--locked" "--manifest-path" "Cargo.toml", kill_on_drop: false }`
[INFO] [stderr]  Downloading crates ...
[INFO] [stderr]   Downloaded hyper-rustls v0.20.0
[INFO] [stderr]   Downloaded platforms v0.2.1
[INFO] [stderr]   Downloaded wasm-bindgen-futures v0.4.10
[INFO] [stderr]   Downloaded mio-named-pipes v0.1.6
[INFO] [stderr]   Downloaded ansi_term v0.12.1
[INFO] [stderr]   Downloaded extend v0.1.1
[INFO] [stderr]   Downloaded async-trait v0.1.30
[INFO] [stderr]   Downloaded mio v0.7.0
[INFO] [stderr]   Downloaded enum-as-inner v0.3.2
[INFO] [stderr]   Downloaded smallvec v1.2.0
[INFO] [stderr]   Downloaded ct-logs v0.6.0
[INFO] [stderr]   Downloaded threadpool v1.7.1
[INFO] [stderr]   Downloaded web-sys v0.3.37
[INFO] [stderr]   Downloaded trust-dns-resolver v0.19.3
[INFO] [stderr]   Downloaded num-bigint-dig v0.6.0
[INFO] [stderr]   Downloaded untrusted v0.7.0
[INFO] [stderr]   Downloaded serde_json v1.0.47
[INFO] [stderr]   Downloaded http v0.2.0
[INFO] [stderr]   Downloaded widestring v0.4.0
[INFO] [stderr]   Downloaded oid v0.1.1
[INFO] [stderr]   Downloaded security-framework-sys v0.4.2
[INFO] [stderr]   Downloaded ntp v0.5.0
[INFO] [stderr]   Downloaded args v2.2.0
[INFO] [stderr]   Downloaded macaddr v0.1.2
[INFO] [stderr]   Downloaded tokio-rustls v0.13.0
[INFO] [stderr]   Downloaded webpki-roots v0.18.0
[INFO] [stderr]   Downloaded picky v4.6.0
[INFO] [stderr]   Downloaded raw-cpuid v7.0.3
[INFO] [stderr]   Downloaded log4rs v0.11.0
[INFO] [stderr]   Downloaded errno v0.2.5
[INFO] [stderr]   Downloaded os_info v1.3.3
[INFO] [stderr]   Downloaded error-chain v0.12.2
[INFO] [stderr]   Downloaded assert-json-diff v1.0.3
[INFO] [stderr]   Downloaded darwin-libproc v0.1.2
[INFO] [stderr]   Downloaded security-framework v0.4.2
[INFO] [stderr]   Downloaded socket2 v0.3.11
[INFO] [stderr]   Downloaded ipconfig v0.2.1
[INFO] [stderr]   Downloaded rustls-native-certs v0.3.0
[INFO] [stderr]   Downloaded sct v0.6.0
[INFO] [stderr]   Downloaded schannel v0.1.18
[INFO] [stderr]   Downloaded sysinfo v0.12.0
[INFO] [stderr]   Downloaded tokio-bincode v0.1.0
[INFO] [stderr]   Downloaded bytesize v1.0.0
[INFO] [stderr]   Downloaded signal-hook v0.1.13
[INFO] [stderr]   Downloaded rustls v0.17.0
[INFO] [stderr]   Downloaded picky-asn1-der v0.2.2
[INFO] [stderr]   Downloaded trust-dns-proto v0.19.3
[INFO] [stderr]   Downloaded picky-asn1 v0.2.1
[INFO] [stderr]   Downloaded webpki v0.21.2
[INFO] [stderr]   Downloaded zeroize_derive v1.0.0
[INFO] [stderr]   Downloaded uom v0.26.0
[INFO] [stderr]   Downloaded ntapi v0.3.3
[INFO] [stderr]   Downloaded darwin-libproc-sys v0.1.2
[INFO] [stderr]   Downloaded errno-dragonfly v0.1.1
[INFO] [stderr]   Downloaded arc-swap v0.4.5
[INFO] [stderr]   Downloaded tokio v0.2.11
[INFO] [stderr]   Downloaded miow v0.3.3
[INFO] [stderr]   Downloaded rsa v0.2.0
[INFO] [stderr]   Downloaded regex v1.3.4
[INFO] [stderr]   Downloaded serde-value v0.6.0
[INFO] [stderr]   Downloaded systemstat v0.1.5
[INFO] [stderr]   Downloaded ring v0.16.12
[INFO] running `Command { std: "docker" "create" "-v" "/var/lib/crater-agent-workspace/builds/worker-0/target:/opt/rustwide/target:rw,Z" "-v" "/var/lib/crater-agent-workspace/builds/worker-0/source:/opt/rustwide/workdir:ro,Z" "-v" "/var/lib/crater-agent-workspace/cargo-home:/opt/rustwide/cargo-home:ro,Z" "-v" "/var/lib/crater-agent-workspace/rustup-home:/opt/rustwide/rustup-home:ro,Z" "-e" "SOURCE_DIR=/opt/rustwide/workdir" "-e" "CARGO_TARGET_DIR=/opt/rustwide/target" "-e" "CARGO_HOME=/opt/rustwide/cargo-home" "-e" "RUSTUP_HOME=/opt/rustwide/rustup-home" "-w" "/opt/rustwide/workdir" "-m" "1610612736" "--user" "0:0" "--network" "none" "rustops/crates-build-env@sha256:d92eaeed33fa75130ca1ee6c8a01d1ffb62bac859dfdfb3450e3e5d1c0146529" "/opt/rustwide/cargo-home/bin/cargo" "+72f88fc4e9458f89516a0b8b0868f3718aec5b47" "metadata" "--no-deps" "--format-version=1", kill_on_drop: false }`
[INFO] [stderr] WARNING: Your kernel does not support swap limit capabilities or the cgroup is not mounted. Memory limited without swap.
[INFO] [stdout] 5876ac31f911035d14f01be919111875acd6f941d7e658da053afb501a4f9fb9
[INFO] running `Command { std: "docker" "start" "-a" "5876ac31f911035d14f01be919111875acd6f941d7e658da053afb501a4f9fb9", kill_on_drop: false }`
[INFO] running `Command { std: "docker" "inspect" "5876ac31f911035d14f01be919111875acd6f941d7e658da053afb501a4f9fb9", kill_on_drop: false }`
[INFO] running `Command { std: "docker" "rm" "-f" "5876ac31f911035d14f01be919111875acd6f941d7e658da053afb501a4f9fb9", kill_on_drop: false }`
[INFO] [stdout] 5876ac31f911035d14f01be919111875acd6f941d7e658da053afb501a4f9fb9
[INFO] running `Command { std: "docker" "create" "-v" "/var/lib/crater-agent-workspace/builds/worker-0/target:/opt/rustwide/target:rw,Z" "-v" "/var/lib/crater-agent-workspace/builds/worker-0/source:/opt/rustwide/workdir:ro,Z" "-v" "/var/lib/crater-agent-workspace/cargo-home:/opt/rustwide/cargo-home:ro,Z" "-v" "/var/lib/crater-agent-workspace/rustup-home:/opt/rustwide/rustup-home:ro,Z" "-e" "SOURCE_DIR=/opt/rustwide/workdir" "-e" "CARGO_TARGET_DIR=/opt/rustwide/target" "-e" "CARGO_INCREMENTAL=0" "-e" "RUST_BACKTRACE=full" "-e" "RUSTFLAGS=--cap-lints=forbid" "-e" "CARGO_HOME=/opt/rustwide/cargo-home" "-e" "RUSTUP_HOME=/opt/rustwide/rustup-home" "-w" "/opt/rustwide/workdir" "-m" "1610612736" "--user" "0:0" "--network" "none" "rustops/crates-build-env@sha256:d92eaeed33fa75130ca1ee6c8a01d1ffb62bac859dfdfb3450e3e5d1c0146529" "/opt/rustwide/cargo-home/bin/cargo" "+72f88fc4e9458f89516a0b8b0868f3718aec5b47" "check" "--frozen" "--all" "--all-targets" "--message-format=json", kill_on_drop: false }`
[INFO] [stdout] 890d781c6eaffc52b0719dd1f2d8abd8a307ae999d0541d3e682affd818e845a
[INFO] [stderr] WARNING: Your kernel does not support swap limit capabilities or the cgroup is not mounted. Memory limited without swap.
[INFO] running `Command { std: "docker" "start" "-a" "890d781c6eaffc52b0719dd1f2d8abd8a307ae999d0541d3e682affd818e845a", kill_on_drop: false }`
[INFO] [stderr]     Blocking waiting for file lock on package cache
[INFO] [stderr]     Blocking waiting for file lock on package cache
[INFO] [stderr]    Compiling syn v1.0.17
[INFO] [stderr]    Compiling libc v0.2.68
[INFO] [stderr]    Compiling autocfg v1.0.0
[INFO] [stderr]    Compiling cc v1.0.50
[INFO] [stderr]     Checking fnv v1.0.6
[INFO] [stderr]     Checking smallvec v1.2.0
[INFO] [stderr]    Compiling wasm-bindgen-shared v0.2.60
[INFO] [stderr]     Checking untrusted v0.7.0
[INFO] [stderr]     Checking ppv-lite86 v0.2.6
[INFO] [stderr]     Checking futures-task v0.3.4
[INFO] [stderr]    Compiling spin v0.5.2
[INFO] [stderr]     Checking scopeguard v1.1.0
[INFO] [stderr]    Compiling unicode-segmentation v1.6.0
[INFO] [stderr]     Checking unicode-xid v0.2.0
[INFO] [stderr]     Checking matches v0.1.8
[INFO] [stderr]    Compiling bumpalo v3.2.1
[INFO] [stderr]    Compiling winapi v0.3.8
[INFO] [stderr]    Compiling libm v0.2.1
[INFO] [stderr]     Checking unicode-width v0.1.7
[INFO] [stderr]    Compiling wasm-bindgen v0.2.60
[INFO] [stderr]     Checking try-lock v0.2.2
[INFO] [stderr]    Compiling darwin-libproc-sys v0.1.2
[INFO] [stderr]     Checking arc-swap v0.4.5
[INFO] [stderr]     Checking openssl-probe v0.1.2
[INFO] [stderr]    Compiling os_info v1.3.3
[INFO] [stderr]    Compiling ipconfig v0.2.1
[INFO] [stderr]     Checking ansi_term v0.11.0
[INFO] [stderr]    Compiling ntapi v0.3.3
[INFO] [stderr]     Checking arrayref v0.3.6
[INFO] [stderr]     Checking strsim v0.8.0
[INFO] [stderr]     Checking custom_derive v0.1.7
[INFO] [stderr]     Checking subtle v2.2.2
[INFO] [stderr]     Checking semver-parser v0.7.0
[INFO] [stderr]    Compiling winapi-i686-pc-windows-gnu v0.4.0
[INFO] [stderr]    Compiling sysinfo v0.12.0
[INFO] [stderr]    Compiling winapi-x86_64-pc-windows-gnu v0.4.0
[INFO] [stderr]     Checking log-mdc v0.1.0
[INFO] [stderr]     Checking bytesize v1.0.0
[INFO] [stderr]     Checking static_assertions v1.1.0
[INFO] [stderr]     Checking fuchsia-zircon-sys v0.3.3
[INFO] [stderr]     Checking platforms v0.2.1
[INFO] [stderr]     Checking widestring v0.4.0
[INFO] [stderr]     Checking mio-named-pipes v0.1.6
[INFO] [stderr]     Checking strum v0.18.0
[INFO] [stderr]     Checking macaddr v0.1.2
[INFO] [stderr]     Checking hex v0.4.2
[INFO] [stderr]     Checking difference v2.0.0
[INFO] [stderr]     Checking ansi_term v0.12.1
[INFO] [stderr]     Checking winapi-build v0.1.1
[INFO] [stderr]     Checking wasi v0.7.0
[INFO] [stderr]     Checking version_check v0.9.1
[INFO] [stderr]     Checking gcc v0.3.55
[INFO] [stderr]     Checking lazy_static v1.4.0
[INFO] [stderr]    Compiling proc-macro-error-attr v0.4.12
[INFO] [stderr]    Compiling proc-macro-error v0.4.12
[INFO] [stderr]    Compiling error-chain v0.12.2
[INFO] [stderr]     Checking lock_api v0.3.3
[INFO] [stderr]     Checking unicode-bidi v0.3.4
[INFO] [stderr]    Compiling ws2_32-sys v0.2.1
[INFO] [stderr]     Checking lru-cache v0.1.2
[INFO] [stderr]     Checking http v0.2.0
[INFO] [stderr]    Compiling num-bigint-dig v0.6.0
[INFO] [stderr]     Checking humantime v1.3.0
[INFO] [stderr]     Checking textwrap v0.11.0
[INFO] [stderr]     Checking getopts v0.2.21
[INFO] [stderr]    Compiling errno-dragonfly v0.1.1
[INFO] [stderr]     Checking unicode-normalization v0.1.12
[INFO] [stderr]     Checking miniz_oxide v0.3.6
[INFO] [stderr]    Compiling heck v0.3.1
[INFO] [stderr]     Checking conv v0.3.3
[INFO] [stderr]     Checking blake2b_simd v0.5.10
[INFO] [stderr]    Compiling num-traits v0.2.11
[INFO] [stderr]    Compiling num-integer v0.1.42
[INFO] [stderr]    Compiling crossbeam-utils v0.7.2
[INFO] [stderr]    Compiling memoffset v0.5.4
[INFO] [stderr]    Compiling crossbeam-epoch v0.8.2
[INFO] [stderr]    Compiling indexmap v1.3.2
[INFO] [stderr]    Compiling num-iter v0.1.40
[INFO] [stderr]    Compiling num-bigint v0.2.6
[INFO] [stderr]    Compiling num-rational v0.2.4
[INFO] [stderr]     Checking semver v0.9.0
[INFO] [stderr]     Checking c2-chacha v0.2.3
[INFO] [stderr]     Checking proc-macro2 v1.0.10
[INFO] [stderr]     Checking thread_local v1.0.1
[INFO] [stderr]     Checking aho-corasick v0.7.10
[INFO] [stderr]     Checking base64 v0.10.1
[INFO] [stderr]     Checking fuchsia-zircon v0.3.3
[INFO] [stderr]     Checking cloudabi v0.0.3
[INFO] [stderr]     Checking rustc_version v0.2.3
[INFO] [stderr]     Checking quote v1.0.3
[INFO] [stderr]     Checking winreg v0.6.2
[INFO] [stderr]     Checking schannel v0.1.18
[INFO] [stdout] error[E0433]: failed to resolve: could not find `windows` in `os`
[INFO] [stdout]    --> /opt/rustwide/cargo-home/registry/src/github.com-1ecc6299db9ec823/winreg-0.6.2/src/lib.rs:121:14
[INFO] [stdout]     |
[INFO] [stdout] 121 | use std::os::windows::ffi::OsStrExt;
[INFO] [stdout]     |              ^^^^^^^ could not find `windows` in `os`
[INFO] [stdout] 
[INFO] [stdout] 
[INFO] [stdout] error[E0433]: failed to resolve: could not find `shared` in `winapi`
[INFO] [stdout]    --> /opt/rustwide/cargo-home/registry/src/github.com-1ecc6299db9ec823/winreg-0.6.2/src/lib.rs:127:17
[INFO] [stdout]     |
[INFO] [stdout] 127 | pub use winapi::shared::minwindef::HKEY;
[INFO] [stdout]     |                 ^^^^^^ could not find `shared` in `winapi`
[INFO] [stdout] 
[INFO] [stdout] 
[INFO] [stdout] error[E0433]: failed to resolve: could not find `shared` in `winapi`
[INFO] [stdout]    --> /opt/rustwide/cargo-home/registry/src/github.com-1ecc6299db9ec823/winreg-0.6.2/src/lib.rs:128:13
[INFO] [stdout]     |
[INFO] [stdout] 128 | use winapi::shared::minwindef::{BYTE, DWORD, FILETIME, LPBYTE};
[INFO] [stdout]     |             ^^^^^^ could not find `shared` in `winapi`
[INFO] [stdout] 
[INFO] [stdout] 
[INFO] [stdout] error[E0433]: failed to resolve: could not find `um` in `winapi`
[INFO] [stdout]    --> /opt/rustwide/cargo-home/registry/src/github.com-1ecc6299db9ec823/winreg-0.6.2/src/lib.rs:130:13
[INFO] [stdout]     |
[INFO] [stdout] 130 | use winapi::um::minwinbase::SYSTEMTIME;
[INFO] [stdout]     |             ^^ could not find `um` in `winapi`
[INFO] [stdout] 
[INFO] [stdout] 
[INFO] [stdout] error[E0433]: failed to resolve: could not find `um` in `winapi`
[INFO] [stdout]    --> /opt/rustwide/cargo-home/registry/src/github.com-1ecc6299db9ec823/winreg-0.6.2/src/lib.rs:131:13
[INFO] [stdout]     |
[INFO] [stdout] 131 | use winapi::um::timezoneapi::FileTimeToSystemTime;
[INFO] [stdout]     |             ^^ could not find `um` in `winapi`
[INFO] [stdout] 
[INFO] [stdout] 
[INFO] [stdout] error[E0432]: unresolved import `winapi::shared`
[INFO] [stdout]    --> /opt/rustwide/cargo-home/registry/src/github.com-1ecc6299db9ec823/winreg-0.6.2/src/lib.rs:129:13
[INFO] [stdout]     |
[INFO] [stdout] 129 | use winapi::shared::winerror;
[INFO] [stdout]     |             ^^^^^^ could not find `shared` in `winapi`
[INFO] [stdout] 
[INFO] [stdout] 
[INFO] [stdout] error[E0433]: failed to resolve: could not find `um` in `winapi`
[INFO] [stdout]    --> /opt/rustwide/cargo-home/registry/src/github.com-1ecc6299db9ec823/winreg-0.6.2/src/lib.rs:132:13
[INFO] [stdout]     |
[INFO] [stdout] 132 | use winapi::um::winnt::{self, WCHAR};
[INFO] [stdout]     |             ^^ could not find `um` in `winapi`
[INFO] [stdout] 
[INFO] [stdout] 
[INFO] [stdout] error[E0432]: unresolved import `winapi::um`
[INFO] [stdout]    --> /opt/rustwide/cargo-home/registry/src/github.com-1ecc6299db9ec823/winreg-0.6.2/src/lib.rs:132:13
[INFO] [stdout]     |
[INFO] [stdout] 132 | use winapi::um::winnt::{self, WCHAR};
[INFO] [stdout]     |             ^^ could not find `um` in `winapi`
[INFO] [stdout] 
[INFO] [stdout] 
[INFO] [stdout] error[E0433]: failed to resolve: could not find `um` in `winapi`
[INFO] [stdout]  --> /opt/rustwide/cargo-home/registry/src/github.com-1ecc6299db9ec823/winreg-0.6.2/src/enums.rs:9:17
[INFO] [stdout]   |
[INFO] [stdout] 9 | pub use winapi::um::winnt::{
[INFO] [stdout]   |                 ^^ could not find `um` in `winapi`
[INFO] [stdout] 
[INFO] [stdout] 
[INFO] [stdout] error[E0433]: failed to resolve: could not find `um` in `winapi`
[INFO] [stdout]   --> /opt/rustwide/cargo-home/registry/src/github.com-1ecc6299db9ec823/winreg-0.6.2/src/enums.rs:14:17
[INFO] [stdout]    |
[INFO] [stdout] 14 | pub use winapi::um::winreg::{
[INFO] [stdout]    |                 ^^ could not find `um` in `winapi`
[INFO] [stdout] 
[INFO] [stdout] 
[INFO] [stdout] error[E0432]: unresolved import `winapi::um`
[INFO] [stdout]    --> /opt/rustwide/cargo-home/registry/src/github.com-1ecc6299db9ec823/winreg-0.6.2/src/lib.rs:133:13
[INFO] [stdout]     |
[INFO] [stdout] 133 | use winapi::um::winreg as winapi_reg;
[INFO] [stdout]     |             ^^ could not find `um` in `winapi`
[INFO] [stdout] 
[INFO] [stdout] 
[INFO] [stdout] error[E0433]: failed to resolve: could not find `windows` in `os`
[INFO] [stdout]   --> /opt/rustwide/cargo-home/registry/src/github.com-1ecc6299db9ec823/winreg-0.6.2/src/types.rs:14:14
[INFO] [stdout]    |
[INFO] [stdout] 14 | use std::os::windows::ffi::{OsStrExt, OsStringExt};
[INFO] [stdout]    |              ^^^^^^^ could not find `windows` in `os`
[INFO] [stdout] 
[INFO] [stdout] 
[INFO] [stdout] error[E0432]: unresolved import `super::winapi::shared`
[INFO] [stdout]  --> /opt/rustwide/cargo-home/registry/src/github.com-1ecc6299db9ec823/winreg-0.6.2/src/types.rs:9:20
[INFO] [stdout]   |
[INFO] [stdout] 9 | use super::winapi::shared::winerror;
[INFO] [stdout]   |                    ^^^^^^ could not find `shared` in `winapi`
[INFO] [stdout] 
[INFO] [stdout] 
[INFO] [stdout] error[E0433]: failed to resolve: could not find `um` in `winapi`
[INFO] [stdout]   --> /opt/rustwide/cargo-home/registry/src/github.com-1ecc6299db9ec823/winreg-0.6.2/src/enums.rs:26:29
[INFO] [stdout]    |
[INFO] [stdout] 26 |               $( $v = winapi::um::winnt::$v as isize ),*
[INFO] [stdout]    |                               ^^ could not find `um` in `winapi`
[INFO] [stdout] ...
[INFO] [stdout] 31 | / winapi_enum!(RegType, "Enumeration of possible registry value types" => [
[INFO] [stdout] 32 | | REG_NONE,
[INFO] [stdout] 33 | | REG_SZ,
[INFO] [stdout] 34 | | REG_EXPAND_SZ,
[INFO] [stdout] ...  |
[INFO] [stdout] 43 | | REG_QWORD
[INFO] [stdout] 44 | | ]);
[INFO] [stdout]    | |___- in this macro invocation
[INFO] [stdout]    |
[INFO] [stdout]    = note: this error originates in a macro (in Nightly builds, run with -Z macro-backtrace for more info)
[INFO] [stdout] 
[INFO] [stdout] 
[INFO] [stdout] error[E0433]: failed to resolve: could not find `um` in `winapi`
[INFO] [stdout]   --> /opt/rustwide/cargo-home/registry/src/github.com-1ecc6299db9ec823/winreg-0.6.2/src/enums.rs:26:29
[INFO] [stdout]    |
[INFO] [stdout] 26 |               $( $v = winapi::um::winnt::$v as isize ),*
[INFO] [stdout]    |                               ^^ could not find `um` in `winapi`
[INFO] [stdout] ...
[INFO] [stdout] 47 | / winapi_enum!(RegDisposition, "Enumeration of possible disposition values" => [
[INFO] [stdout] 48 | | REG_CREATED_NEW_KEY,
[INFO] [stdout] 49 | | REG_OPENED_EXISTING_KEY
[INFO] [stdout] 50 | | ]);
[INFO] [stdout]    | |___- in this macro invocation
[INFO] [stdout]    |
[INFO] [stdout]    = note: this error originates in a macro (in Nightly builds, run with -Z macro-backtrace for more info)
[INFO] [stdout] 
[INFO] [stdout] 
[INFO] [stderr]     Checking sha2 v0.8.1
[INFO] [stdout] error[E0412]: cannot find type `DWORD` in this scope
[INFO] [stdout]    --> /opt/rustwide/cargo-home/registry/src/github.com-1ecc6299db9ec823/winreg-0.6.2/src/lib.rs:155:19
[INFO] [stdout]     |
[INFO] [stdout] 155 |     pub sub_keys: DWORD,
[INFO] [stdout]     |                   ^^^^^ not found in this scope
[INFO] [stdout] 
[INFO] [stdout] 
[INFO] [stdout] error[E0412]: cannot find type `DWORD` in this scope
[INFO] [stdout]    --> /opt/rustwide/cargo-home/registry/src/github.com-1ecc6299db9ec823/winreg-0.6.2/src/lib.rs:156:26
[INFO] [stdout]     |
[INFO] [stdout] 156 |     pub max_sub_key_len: DWORD,
[INFO] [stdout]     |                          ^^^^^ not found in this scope
[INFO] [stdout] 
[INFO] [stdout] 
[INFO] [stdout] error[E0412]: cannot find type `DWORD` in this scope
[INFO] [stdout]    --> /opt/rustwide/cargo-home/registry/src/github.com-1ecc6299db9ec823/winreg-0.6.2/src/lib.rs:157:24
[INFO] [stdout]     |
[INFO] [stdout] 157 |     pub max_class_len: DWORD,
[INFO] [stdout]     |                        ^^^^^ not found in this scope
[INFO] [stdout] 
[INFO] [stdout] 
[INFO] [stdout] error[E0412]: cannot find type `DWORD` in this scope
[INFO] [stdout]    --> /opt/rustwide/cargo-home/registry/src/github.com-1ecc6299db9ec823/winreg-0.6.2/src/lib.rs:158:17
[INFO] [stdout]     |
[INFO] [stdout] 158 |     pub values: DWORD,
[INFO] [stdout]     |                 ^^^^^ not found in this scope
[INFO] [stdout] 
[INFO] [stdout] 
[INFO] [stdout] error[E0412]: cannot find type `DWORD` in this scope
[INFO] [stdout]    --> /opt/rustwide/cargo-home/registry/src/github.com-1ecc6299db9ec823/winreg-0.6.2/src/lib.rs:159:29
[INFO] [stdout]     |
[INFO] [stdout] 159 |     pub max_value_name_len: DWORD,
[INFO] [stdout]     |                             ^^^^^ not found in this scope
[INFO] [stdout] 
[INFO] [stdout] 
[INFO] [stdout] error[E0412]: cannot find type `DWORD` in this scope
[INFO] [stdout]    --> /opt/rustwide/cargo-home/registry/src/github.com-1ecc6299db9ec823/winreg-0.6.2/src/lib.rs:160:24
[INFO] [stdout]     |
[INFO] [stdout] 160 |     pub max_value_len: DWORD,
[INFO] [stdout]     |                        ^^^^^ not found in this scope
[INFO] [stdout] 
[INFO] [stdout] 
[INFO] [stdout] error[E0412]: cannot find type `FILETIME` in this scope
[INFO] [stdout]    --> /opt/rustwide/cargo-home/registry/src/github.com-1ecc6299db9ec823/winreg-0.6.2/src/lib.rs:162:26
[INFO] [stdout]     |
[INFO] [stdout] 162 |     pub last_write_time: FILETIME,
[INFO] [stdout]     |                          ^^^^^^^^ not found in this scope
[INFO] [stdout] 
[INFO] [stdout] 
[INFO] [stdout] error[E0412]: cannot find type `SYSTEMTIME` in this scope
[INFO] [stdout]    --> /opt/rustwide/cargo-home/registry/src/github.com-1ecc6299db9ec823/winreg-0.6.2/src/lib.rs:167:49
[INFO] [stdout]     |
[INFO] [stdout] 167 |     pub fn get_last_write_time_system(&self) -> SYSTEMTIME {
[INFO] [stdout]     |                                                 ^^^^^^^^^^ not found in this scope
[INFO] [stdout] 
[INFO] [stdout] 
[INFO] [stdout] error[E0412]: cannot find type `SYSTEMTIME` in this scope
[INFO] [stdout]    --> /opt/rustwide/cargo-home/registry/src/github.com-1ecc6299db9ec823/winreg-0.6.2/src/lib.rs:168:21
[INFO] [stdout]     |
[INFO] [stdout] 168 |         let mut st: SYSTEMTIME = unsafe { ::std::mem::zeroed() };
[INFO] [stdout]     |                     ^^^^^^^^^^ not found in this scope
[INFO] [stdout] 
[INFO] [stdout] 
[INFO] [stdout] error[E0425]: cannot find function, tuple struct or tuple variant `FileTimeToSystemTime` in this scope
[INFO] [stdout]    --> /opt/rustwide/cargo-home/registry/src/github.com-1ecc6299db9ec823/winreg-0.6.2/src/lib.rs:170:13
[INFO] [stdout]     |
[INFO] [stdout] 170 |             FileTimeToSystemTime(&self.last_write_time, &mut st);
[INFO] [stdout]     |             ^^^^^^^^^^^^^^^^^^^^ not found in this scope
[INFO] [stdout] 
[INFO] [stdout] 
[INFO] [stdout] error[E0412]: cannot find type `HKEY` in this scope
[INFO] [stdout]    --> /opt/rustwide/cargo-home/registry/src/github.com-1ecc6299db9ec823/winreg-0.6.2/src/lib.rs:220:11
[INFO] [stdout]     |
[INFO] [stdout] 220 |     hkey: HKEY,
[INFO] [stdout]     |           ^^^^ not found in this scope
[INFO] [stdout] 
[INFO] [stdout] 
[INFO] [stdout] error[E0412]: cannot find type `HKEY` in this scope
[INFO] [stdout]    --> /opt/rustwide/cargo-home/registry/src/github.com-1ecc6299db9ec823/winreg-0.6.2/src/lib.rs:246:25
[INFO] [stdout]     |
[INFO] [stdout] 246 |     pub fn predef(hkey: HKEY) -> RegKey {
[INFO] [stdout]     |                         ^^^^ not found in this scope
[INFO] [stdout] 
[INFO] [stdout] 
[INFO] [stdout] error[E0412]: cannot find type `HKEY` in this scope
[INFO] [stdout]    --> /opt/rustwide/cargo-home/registry/src/github.com-1ecc6299db9ec823/winreg-0.6.2/src/lib.rs:265:33
[INFO] [stdout]     |
[INFO] [stdout] 265 |     pub fn raw_handle(&self) -> HKEY {
[INFO] [stdout]     |                                 ^^^^ not found in this scope
[INFO] [stdout] 
[INFO] [stdout] 
[INFO] [stdout] error[E0425]: cannot find value `KEY_READ` in module `enums`
[INFO] [stdout]    --> /opt/rustwide/cargo-home/registry/src/github.com-1ecc6299db9ec823/winreg-0.6.2/src/lib.rs:287:50
[INFO] [stdout]     |
[INFO] [stdout] 287 |         self.open_subkey_with_flags(path, enums::KEY_READ)
[INFO] [stdout]     |                                                  ^^^^^^^^ not found in `enums`
[INFO] [stdout] 
[INFO] [stdout] 
[INFO] [stdout] error[E0412]: cannot find type `HKEY` in this scope
[INFO] [stdout]    --> /opt/rustwide/cargo-home/registry/src/github.com-1ecc6299db9ec823/winreg-0.6.2/src/lib.rs:311:27
[INFO] [stdout]     |
[INFO] [stdout] 311 |         let mut new_hkey: HKEY = ptr::null_mut();
[INFO] [stdout]     |                           ^^^^ not found in this scope
[INFO] [stdout] 
[INFO] [stdout] 
[INFO] [stdout] error[E0412]: cannot find type `DWORD` in this scope
[INFO] [stdout]    --> /opt/rustwide/cargo-home/registry/src/github.com-1ecc6299db9ec823/winreg-0.6.2/src/lib.rs:313:95
[INFO] [stdout]     |
[INFO] [stdout] 313 |             winapi_reg::RegOpenKeyExW(self.hkey, c_path.as_ptr(), 0, perms, &mut new_hkey) as DWORD
[INFO] [stdout]     |                                                                                               ^^^^^ not found in this scope
[INFO] [stdout] 
[INFO] [stdout] 
[INFO] [stdout] error[E0425]: cannot find value `KEY_ALL_ACCESS` in module `enums`
[INFO] [stdout]    --> /opt/rustwide/cargo-home/registry/src/github.com-1ecc6299db9ec823/winreg-0.6.2/src/lib.rs:382:52
[INFO] [stdout]     |
[INFO] [stdout] 382 |         self.create_subkey_with_flags(path, enums::KEY_ALL_ACCESS)
[INFO] [stdout]     |                                                    ^^^^^^^^^^^^^^ not found in `enums`
[INFO] [stdout] 
[INFO] [stdout] 
[INFO] [stdout] error[E0412]: cannot find type `HKEY` in this scope
[INFO] [stdout]    --> /opt/rustwide/cargo-home/registry/src/github.com-1ecc6299db9ec823/winreg-0.6.2/src/lib.rs:391:27
[INFO] [stdout]     |
[INFO] [stdout] 391 |         let mut new_hkey: HKEY = ptr::null_mut();
[INFO] [stdout]     |                           ^^^^ not found in this scope
[INFO] [stdout] 
[INFO] [stdout] 
[INFO] [stdout] error[E0412]: cannot find type `DWORD` in this scope
[INFO] [stdout]    --> /opt/rustwide/cargo-home/registry/src/github.com-1ecc6299db9ec823/winreg-0.6.2/src/lib.rs:392:27
[INFO] [stdout]     |
[INFO] [stdout] 392 |         let mut disp_buf: DWORD = 0;
[INFO] [stdout]     |                           ^^^^^ not found in this scope
[INFO] [stdout] 
[INFO] [stdout] 
[INFO] [stdout] error[E0412]: cannot find type `DWORD` in this scope
[INFO] [stdout]    --> /opt/rustwide/cargo-home/registry/src/github.com-1ecc6299db9ec823/winreg-0.6.2/src/lib.rs:499:18
[INFO] [stdout]     |
[INFO] [stdout] 499 |             ) as DWORD
[INFO] [stdout]     |                  ^^^^^ not found in this scope
[INFO] [stdout] 
[INFO] [stdout] 
[INFO] [stdout] error[E0412]: cannot find type `DWORD` in this scope
[INFO] [stdout]    --> /opt/rustwide/cargo-home/registry/src/github.com-1ecc6299db9ec823/winreg-0.6.2/src/lib.rs:668:18
[INFO] [stdout]     |
[INFO] [stdout] 668 |             ) as DWORD
[INFO] [stdout]     |                  ^^^^^ not found in this scope
[INFO] [stdout] 
[INFO] [stdout] 
[INFO] [stdout] error[E0412]: cannot find type `DWORD` in this scope
[INFO] [stdout]    --> /opt/rustwide/cargo-home/registry/src/github.com-1ecc6299db9ec823/winreg-0.6.2/src/lib.rs:719:26
[INFO] [stdout]     |
[INFO] [stdout] 719 |         let mut buf_len: DWORD = 2048;
[INFO] [stdout]     |                          ^^^^^ not found in this scope
[INFO] [stdout] 
[INFO] [stdout] 
[INFO] [stdout] error[E0412]: cannot find type `DWORD` in this scope
[INFO] [stdout]    --> /opt/rustwide/cargo-home/registry/src/github.com-1ecc6299db9ec823/winreg-0.6.2/src/lib.rs:720:27
[INFO] [stdout]     |
[INFO] [stdout] 720 |         let mut buf_type: DWORD = 0;
[INFO] [stdout]     |                           ^^^^^ not found in this scope
[INFO] [stdout] 
[INFO] [stdout] 
[INFO] [stdout] error[E0412]: cannot find type `LPBYTE` in this scope
[INFO] [stdout]    --> /opt/rustwide/cargo-home/registry/src/github.com-1ecc6299db9ec823/winreg-0.6.2/src/lib.rs:729:41
[INFO] [stdout]     |
[INFO] [stdout] 729 |                     buf.as_mut_ptr() as LPBYTE,
[INFO] [stdout]     |                                         ^^^^^^ not found in this scope
[INFO] [stdout] 
[INFO] [stdout] 
[INFO] [stdout] error[E0412]: cannot find type `DWORD` in this scope
[INFO] [stdout]    --> /opt/rustwide/cargo-home/registry/src/github.com-1ecc6299db9ec823/winreg-0.6.2/src/lib.rs:731:22
[INFO] [stdout]     |
[INFO] [stdout] 731 |                 ) as DWORD
[INFO] [stdout]     |                      ^^^^^ not found in this scope
[INFO] [stdout] 
[INFO] [stdout] 
[INFO] [stdout] error[E0412]: cannot find type `DWORD` in this scope
[INFO] [stdout]    --> /opt/rustwide/cargo-home/registry/src/github.com-1ecc6299db9ec823/winreg-0.6.2/src/lib.rs:798:40
[INFO] [stdout]     |
[INFO] [stdout] 798 |         let t = value.vtype.clone() as DWORD;
[INFO] [stdout]     |                                        ^^^^^ not found in this scope
[INFO] [stdout] 
[INFO] [stdout] 
[INFO] [stdout] error[E0412]: cannot find type `BYTE` in this scope
[INFO] [stdout]    --> /opt/rustwide/cargo-home/registry/src/github.com-1ecc6299db9ec823/winreg-0.6.2/src/lib.rs:805:48
[INFO] [stdout]     |
[INFO] [stdout] 805 |                 value.bytes.as_ptr() as *const BYTE,
[INFO] [stdout]     |                                                ^^^^ not found in this scope
[INFO] [stdout] 
[INFO] [stdout] 
[INFO] [stdout] error[E0412]: cannot find type `DWORD` in this scope
[INFO] [stdout]    --> /opt/rustwide/cargo-home/registry/src/github.com-1ecc6299db9ec823/winreg-0.6.2/src/lib.rs:807:18
[INFO] [stdout]     |
[INFO] [stdout] 807 |             ) as DWORD
[INFO] [stdout]     |                  ^^^^^ not found in this scope
[INFO] [stdout] 
[INFO] [stdout] 
[INFO] [stdout] error[E0412]: cannot find type `DWORD` in this scope
[INFO] [stdout]    --> /opt/rustwide/cargo-home/registry/src/github.com-1ecc6299db9ec823/winreg-0.6.2/src/lib.rs:832:83
[INFO] [stdout]     |
[INFO] [stdout] 832 |         match unsafe { winapi_reg::RegDeleteValueW(self.hkey, c_name.as_ptr()) as DWORD } {
[INFO] [stdout]     |                                                                                   ^^^^^ not found in this scope
[INFO] [stdout] 
[INFO] [stdout] 
[INFO] [stdout] error[E0425]: cannot find value `HKEY_CLASSES_ROOT` in module `enums`
[INFO] [stdout]    --> /opt/rustwide/cargo-home/registry/src/github.com-1ecc6299db9ec823/winreg-0.6.2/src/lib.rs:928:32
[INFO] [stdout]     |
[INFO] [stdout] 928 |         if self.hkey >= enums::HKEY_CLASSES_ROOT {
[INFO] [stdout]     |                                ^^^^^^^^^^^^^^^^^ not found in `enums`
[INFO] [stdout] 
[INFO] [stdout] 
[INFO] [stdout] error[E0412]: cannot find type `DWORD` in this scope
[INFO] [stdout]    --> /opt/rustwide/cargo-home/registry/src/github.com-1ecc6299db9ec823/winreg-0.6.2/src/lib.rs:931:62
[INFO] [stdout]     |
[INFO] [stdout] 931 |         match unsafe { winapi_reg::RegCloseKey(self.hkey) as DWORD } {
[INFO] [stdout]     |                                                              ^^^^^ not found in this scope
[INFO] [stdout] 
[INFO] [stdout] 
[INFO] [stdout] error[E0412]: cannot find type `DWORD` in this scope
[INFO] [stdout]    --> /opt/rustwide/cargo-home/registry/src/github.com-1ecc6299db9ec823/winreg-0.6.2/src/lib.rs:937:31
[INFO] [stdout]     |
[INFO] [stdout] 937 |     fn enum_key(&self, index: DWORD) -> Option<io::Result<String>> {
[INFO] [stdout]     |                               ^^^^^ not found in this scope
[INFO] [stdout] 
[INFO] [stdout] 
[INFO] [stdout] error[E0412]: cannot find type `WCHAR` in this scope
[INFO] [stdout]    --> /opt/rustwide/cargo-home/registry/src/github.com-1ecc6299db9ec823/winreg-0.6.2/src/lib.rs:939:30
[INFO] [stdout]     |
[INFO] [stdout] 939 |         let mut name = [0 as WCHAR; 2048];
[INFO] [stdout]     |                              ^^^^^ not found in this scope
[INFO] [stdout] 
[INFO] [stdout] 
[INFO] [stdout] error[E0412]: cannot find type `DWORD` in this scope
[INFO] [stdout]    --> /opt/rustwide/cargo-home/registry/src/github.com-1ecc6299db9ec823/winreg-0.6.2/src/lib.rs:950:18
[INFO] [stdout]     |
[INFO] [stdout] 950 |             ) as DWORD
[INFO] [stdout]     |                  ^^^^^ not found in this scope
[INFO] [stdout] 
[INFO] [stdout] 
[INFO] [stdout] error[E0412]: cannot find type `DWORD` in this scope
[INFO] [stdout]    --> /opt/rustwide/cargo-home/registry/src/github.com-1ecc6299db9ec823/winreg-0.6.2/src/lib.rs:961:33
[INFO] [stdout]     |
[INFO] [stdout] 961 |     fn enum_value(&self, index: DWORD) -> Option<io::Result<(String, RegValue)>> {
[INFO] [stdout]     |                                 ^^^^^ not found in this scope
[INFO] [stdout] 
[INFO] [stdout] 
[INFO] [stdout] error[E0412]: cannot find type `WCHAR` in this scope
[INFO] [stdout]    --> /opt/rustwide/cargo-home/registry/src/github.com-1ecc6299db9ec823/winreg-0.6.2/src/lib.rs:963:30
[INFO] [stdout]     |
[INFO] [stdout] 963 |         let mut name = [0 as WCHAR; 2048];
[INFO] [stdout]     |                              ^^^^^ not found in this scope
[INFO] [stdout] 
[INFO] [stdout] 
[INFO] [stdout] error[E0412]: cannot find type `DWORD` in this scope
[INFO] [stdout]    --> /opt/rustwide/cargo-home/registry/src/github.com-1ecc6299db9ec823/winreg-0.6.2/src/lib.rs:965:26
[INFO] [stdout]     |
[INFO] [stdout] 965 |         let mut buf_len: DWORD = 2048;
[INFO] [stdout]     |                          ^^^^^ not found in this scope
[INFO] [stdout] 
[INFO] [stdout] 
[INFO] [stdout] error[E0412]: cannot find type `DWORD` in this scope
[INFO] [stdout]    --> /opt/rustwide/cargo-home/registry/src/github.com-1ecc6299db9ec823/winreg-0.6.2/src/lib.rs:966:27
[INFO] [stdout]     |
[INFO] [stdout] 966 |         let mut buf_type: DWORD = 0;
[INFO] [stdout]     |                           ^^^^^ not found in this scope
[INFO] [stdout] 
[INFO] [stdout] 
[INFO] [stdout] error[E0412]: cannot find type `LPBYTE` in this scope
[INFO] [stdout]    --> /opt/rustwide/cargo-home/registry/src/github.com-1ecc6299db9ec823/winreg-0.6.2/src/lib.rs:977:41
[INFO] [stdout]     |
[INFO] [stdout] 977 |                     buf.as_mut_ptr() as LPBYTE,
[INFO] [stdout]     |                                         ^^^^^^ not found in this scope
[INFO] [stdout] 
[INFO] [stdout] 
[INFO] [stdout] error[E0412]: cannot find type `DWORD` in this scope
[INFO] [stdout]    --> /opt/rustwide/cargo-home/registry/src/github.com-1ecc6299db9ec823/winreg-0.6.2/src/lib.rs:979:22
[INFO] [stdout]     |
[INFO] [stdout] 979 |                 ) as DWORD
[INFO] [stdout]     |                      ^^^^^ not found in this scope
[INFO] [stdout] 
[INFO] [stdout] 
[INFO] [stdout] error[E0412]: cannot find type `DWORD` in this scope
[INFO] [stdout]     --> /opt/rustwide/cargo-home/registry/src/github.com-1ecc6299db9ec823/winreg-0.6.2/src/lib.rs:1020:12
[INFO] [stdout]      |
[INFO] [stdout] 1020 |     index: DWORD,
[INFO] [stdout]      |            ^^^^^ not found in this scope
[INFO] [stdout] 
[INFO] [stdout] 
[INFO] [stdout] error[E0412]: cannot find type `DWORD` in this scope
[INFO] [stdout]     --> /opt/rustwide/cargo-home/registry/src/github.com-1ecc6299db9ec823/winreg-0.6.2/src/lib.rs:1040:12
[INFO] [stdout]      |
[INFO] [stdout] 1040 |     index: DWORD,
[INFO] [stdout]      |            ^^^^^ not found in this scope
[INFO] [stdout] 
[INFO] [stdout] 
[INFO] [stderr]     Checking idna v0.2.0
[INFO] [stdout] error[E0283]: type annotations needed
[INFO] [stdout]    --> /opt/rustwide/cargo-home/registry/src/github.com-1ecc6299db9ec823/winreg-0.6.2/src/lib.rs:155:5
[INFO] [stdout]     |
[INFO] [stdout] 155 |     pub sub_keys: DWORD,
[INFO] [stdout]     |     ^^^^^^^^^^^^^^^^^^^ cannot infer type
[INFO] [stdout]     |
[INFO] [stdout]     = note: cannot satisfy `_: Default`
[INFO] [stdout]     = note: required by `std::default::Default::default`
[INFO] [stdout]     = note: this error originates in a derive macro (in Nightly builds, run with -Z macro-backtrace for more info)
[INFO] [stdout] 
[INFO] [stdout] 
[INFO] [stderr]    Compiling backtrace-sys v0.1.35
[INFO] [stdout] error[E0599]: no method named `encode_wide` found for reference `&OsStr` in the current scope
[INFO] [stdout]     --> /opt/rustwide/cargo-home/registry/src/github.com-1ecc6299db9ec823/winreg-0.6.2/src/lib.rs:1059:10
[INFO] [stdout]      |
[INFO] [stdout] 1059 |         .encode_wide()
[INFO] [stdout]      |          ^^^^^^^^^^^ method not found in `&OsStr`
[INFO] [stdout] 
[INFO] [stdout] 
[INFO] [stdout] error[E0599]: no function or associated item named `from_wide` found for struct `OsString` in the current scope
[INFO] [stdout]   --> /opt/rustwide/cargo-home/registry/src/github.com-1ecc6299db9ec823/winreg-0.6.2/src/types.rs:56:35
[INFO] [stdout]    |
[INFO] [stdout] 56 |                 let s = OsString::from_wide(words);
[INFO] [stdout]    |                                   ^^^^^^^^^ function or associated item not found in `OsString`
[INFO] [stdout] 
[INFO] [stdout] 
[INFO] [stdout] error[E0599]: no method named `encode_wide` found for reference `&&'a OsStr` in the current scope
[INFO] [stdout]    --> /opt/rustwide/cargo-home/registry/src/github.com-1ecc6299db9ec823/winreg-0.6.2/src/types.rs:111:37
[INFO] [stdout]     |
[INFO] [stdout] 111 |             bytes: v16_to_v8(&(self.encode_wide().collect::<Vec<_>>())),
[INFO] [stdout]     |                                     ^^^^^^^^^^^ method not found in `&&'a OsStr`
[INFO] [stdout] 
[INFO] [stdout] 
[INFO] [stdout] error: aborting due to 61 previous errors
[INFO] [stdout] 
[INFO] [stdout] 
[INFO] [stdout] Some errors have detailed explanations: E0283, E0412, E0425, E0432, E0433, E0599.
[INFO] [stdout] 
[INFO] [stdout] For more information about an error, try `rustc --explain E0283`.
[INFO] [stdout] 
[INFO] [stderr]    Compiling ring v0.16.12
[INFO] [stderr] error: could not compile `winreg`.
[INFO] [stderr] 
[INFO] [stderr] To learn more, run the command again with --verbose.
[INFO] [stderr] warning: build failed, waiting for other jobs to finish...
[INFO] [stderr] error: build failed
[INFO] running `Command { std: "docker" "inspect" "890d781c6eaffc52b0719dd1f2d8abd8a307ae999d0541d3e682affd818e845a", kill_on_drop: false }`
[INFO] running `Command { std: "docker" "rm" "-f" "890d781c6eaffc52b0719dd1f2d8abd8a307ae999d0541d3e682affd818e845a", kill_on_drop: false }`
[INFO] [stdout] 890d781c6eaffc52b0719dd1f2d8abd8a307ae999d0541d3e682affd818e845a
